87 a composite number?
False
Is 56209529 composite?
False
Is 2281637 composite?
True
Is 16757941 composite?
False
Is 4785961 a composite number?
False
Is 2318003 a composite number?
False
Is 387822922 prime?
False
Is 25985 a prime number?
False
Is 5045 prime?
False
Is 34624883 a prime number?
False
Is 36063583 prime?
False
Is 10917979 composite?
True
Is 167584663 prime?
True
Is 228207295 composite?
True
Is 6674879 composite?
True
Is 2105107 composite?
True
Is 53830531 a composite number?
True
Is 6316409 prime?
False
Is 6132751 a composite number?
False
Is 15625601 a prime number?
False
Is 238705933 a prime number?
True
Is 13462919 a prime number?
True
Is 2217277 composite?
False
Is 3236959 a composite number?
True
Is 57462071 prime?
True
Is 243412745 a prime number?
False
Is 4204997 a prime number?
True
Is 16313123 composite?
True
Is 88989743 prime?
True
Is 14129123 composite?
False
Is 47111081 composite?
False
Is 1921351 a composite number?
True
Is 1105261 a prime number?
True
Is 4243237 prime?
True
Is 2697251 prime?
False
Is 96133183 prime?
True
Is 85366973 composite?
False
Is 1075445705 composite?
True
Is 776995 a composite number?
True
Is 56371333 a composite number?
True
Is 111811169 prime?
False
Is 272462321 a prime number?
True
Is 138090361 a composite number?
False
Is 675739 a composite number?
False
Is 310532977 composite?
False
Is 131235437 a prime number?
True
Is 601607 composite?
False
Is 213281 composite?
False
Is 116689763 prime?
False
Is 7212011 composite?
False
Is 6262261 a prime number?
True
Is 23755139 prime?
True
Is 81931897 composite?
False
Is 2062363 a prime number?
False
Is 73731029 composite?
True
Is 554527 a prime number?
True
Is 205488001 prime?
False
Is 46109757 composite?
True
Is 40858567 a prime number?
False
Is 330135193 a composite number?
False
Is 7099163 a prime number?
True
Is 7101847 prime?
True
Is 2374877 a composite number?
True
Is 541687 prime?
False
Is 1556257 a prime number?
False
Is 949303 a prime number?
True
Is 28124951 a prime number?
False
Is 9597499 a prime number?
False
Is 59975393 prime?
False
Is 4831813 a prime number?
False
Is 138510823 composite?
True
Is 5879123 a composite number?
False
Is 41597893 a composite number?
False
Is 2416433 prime?
False
Is 2128517 composite?
True
Is 14136271 a composite number?
False
Is 1464338 prime?
False
Is 2342807 a composite number?
False
Is 139016729 prime?
True
Is 10751267 a composite number?
False
Is 2359985 prime?
False
Is 30902219 a composite number?
False
Is 1565693 prime?
True
Is 61920926 composite?
True
Is 10826887 a prime number?
True
Is 1129937 a prime number?
False
Is 3726651 composite?
True
Is 44110945 a composite number?
True
Is 79227769 a composite number?
True
Is 2996189 a composite number?
True
Is 1603309 a prime number?
False
Is 23593103 prime?
True
Is 61101823 a prime number?
False
Is 2762909 composite?
False
Is 658493 prime?
False
Is 149952373 composite?
False
Is 12335021 prime?
True
Is 5236691 prime?
True
Is 32984059 a composite number?
True
Is 46383121 prime?
False
Is 258601427 prime?
False
Is 5000417 composite?
True
Is 44315251 a composite number?
False
Is 11272601 a prime number?
True
Is 35944109 prime?
True
Is 1986277 prime?
True
Is 10305545 prime?
False
Is 3662711 prime?
False
Is 670273 a composite number?
True
Is 38371 a prime number?
True
Is 905933 a composite number?
True
Is 34156831 a prime number?
True
Is 4289281 composite?
True
Is 5088521 composite?
False
Is 252954573 prime?
False
Is 50376841 a prime number?
True
Is 8977541 composite?
False
Is 6774549 prime?
False
Is 6002111 a composite number?
False
Is 18227159 a prime number?
True
Is 106715127 a prime number?
False
Is 2759599 a prime number?
True
Is 52941013 composite?
False
Is 5881501 prime?
True
Is 3791239 composite?
True
Is 150087221 a composite number?
False
Is 4951549 a prime number?
True
Is 6137717 a prime number?
True
Is 94907786 composite?
True
Is 1026427 prime?
True
Is 3323677 composite?
True
Is 1158799 a composite number?
False
Is 19015973 composite?
True
Is 6503711 a prime number?
True
Is 39459221 prime?
True
Is 192421903 prime?
True
Is 190523 a composite number?
False
Is 20329847 prime?
False
Is 11571983 prime?
True
Is 193588421 composite?
True
Is 15323683 a prime number?
False
Is 281460677 a prime number?
True
Is 220006887 composite?
True
Is 8874631 prime?
True
Is 15536657 a prime number?
False
Is 783295477 composite?
False
Is 616751 a composite number?
True
Is 9353411 composite?
False
Is 4495453 a composite number?
False
Is 2404289 a prime number?
True
Is 4943407 a prime number?
False
Is 2876759 composite?
False
Is 752239 a prime number?
False
Is 6597401 a prime number?
True
Is 415970831 prime?
True
Is 5712737 a prime number?
True
Is 3382397 composite?
True
Is 6004478 a composite number?
True
Is 49972253 composite?
False
Is 538423 a prime number?
True
Is 419995281 prime?
False
Is 4431037 composite?
True
Is 194128546 prime?
False
Is 695603 a composite number?
False
Is 7606331 composite?
False
Is 9289733 a composite number?
False
Is 17557301 prime?
True
Is 3862673 a prime number?
True
Is 19110919 prime?
True
Is 1620372209 a prime number?
True
Is 331664251 prime?
False
Is 30039371 a prime number?
True
Is 9594029 prime?
True
Is 2124411 composite?
True
Is 160663 a prime number?
True
Is 867329 composite?
True
Is 1062253589 a prime number?
True
Is 1569731 composite?
False
Is 94003321 prime?
False
Is 8239921 a prime number?
True
Is 46146587 a prime number?
False
Is 15389789 composite?
False
Is 35947811 composite?
False
Is 102398113 a composite number?
False
Is 161114201 prime?
False
Is 11789737 composite?
False
Is 136334969 composite?
False
Is 276197641 composite?
False
Is 17299097 composite?
True
Is 9436859 a composite number?
True
Is 17837 a composite number?
False
Is 928309 prime?
False
Is 8124203 composite?
True
Is 36955417 a prime number?
False
Is 2028902 composite?
True
Is 109750951 a prime number?
False
Is 65343035 a composite number?
True
Is 23407253 a prime number?
True
Is 913189889 a composite number?
False
Is 24482473 a prime number?
False
Is 1057489159 prime?
False
Is 202320427 prime?
False
Is 11647931 a prime number?
False
Is 700265 a composite number?
True
Is 343863103 composite?
False
Is 36812431 composite?
True
Is 41596081 composite?
True
Is 1915343 a composite number?
False
Is 77895847 a composite number?
False
Is 135019869 a composite number?
True
Is 7889377 composite?
True
Is 523497277 prime?
True
Is 23758291 composite?
True
Is 42828727 a prime number?
True
Is 1484347 a composite number?
False
Is 183119 composite?
False
Is 2299067 prime?
False
Is 779243 a composite number?
True
Is 37088173 a prime number?
True
Is 9443659 prime?
False
Is 46795207 prime?
True
Is 168398339 a prime number?
False
Is 1993109 a prime number?
True
Is 3475861 a prime number?
True
Is 33595489 a prime number?
True
Is 2189111 a prime number?
False
Is 9275767 composite?
False
Is 13612421 prime?
False
Is 20967139 a composite number?
False
Is 57588667 prime?
True
Is 35558977 a prime number?
False
Is 154574939 prime?
False
Is 7543177 a composite number?
False
Is 575009 a composite number?
False
Is 51663883 composite?
False
Is 434657 prime?
False
Is 47945071 composite?
True
Is 2135597 composite?
False
Is 29557083 composite?
True
Is 3528827 a composite number?
False
Is 10867757 prime?
False
Is 605120077 a prime number?
True
Is 789681245 a prime number?
False
Is 12267883 a prime number?
True
Is 1284673907 a prime number?
False
Is 15752189 a prime number?
True
Is 215254023 composite?
True
Is 953087 a composite number?
True
Is 14760463 a prime number?
True
Is 67932838 prime?
False
Is 19252661 a composite number?
False
Is 4708109 composite?
True
Is 52236083 composite?
False
Is 29749789 a composite number?
True
Is 5139599 composite?
True
Is 112814111 prime?
True
Is 63277 composite?
False
Is 59996147 composite?
False
Is 268213765 composite?
True
Is 6753209 composite?
False
Is 178987 composite?
False
Is 7984751 a composite number?
True
Is 884651 a composite number?
False
Is 5159507 composite?
True
Is 28765963 prime?
False
Is 25089563 prime?
True
Is 457276357 a composite number?
False
Is 52827283 composite?
False
Is 57066499 prime?
False
Is 4192339 composite?
False
Is 9444395 composite?
True